42
What is the remainder when 1962689 is divided by 425?
39
What is the remainder when 102046 is divided by 24037?
5898
Calculate the remainder when 1198009 is divided by 201.
49
Calculate the remainder when 3841327 is divided by 1920650.
27
Calculate the remainder when 6543007 is divided by 6.
1
Calculate the remainder when 3527467 is divided by 1763733.
1
What is the remainder when 31012 is divided by 12?
4
Calculate the remainder when 13112289 is divided by 2329.
19
Calculate the remainder when 1402488 is divided by 175310.
8
Calculate the remainder when 1778024 is divided by 444506.
0
What is the remainder when 987798394 is divided by 663?
661
Calculate the remainder when 988605 is divided by 7009.
336
What is the remainder when 4211014 is divided by 300786?
10
What is the remainder when 600724 is divided by 6?
4
Calculate the remainder when 21991370 is divided by 5497839.
14
What is the remainder when 593851 is divided by 98937?
229
Calculate the remainder when 319476 is divided by 3101.
73
What is the remainder when 1674412 is divided by 63?
61
Calculate the remainder when 47382 is divided by 15759.
105
What is the remainder when 35479860 is divided by 1144511?
19
What is the remainder when 81683102 is divided by 40841549?
4
Calculate the remainder when 215138 is divided by 14342.
8
Calculate the remainder when 645433 is divided by 396.
349
What is the remainder when 1670093 is divided by 93?
92
Calculate the remainder when 160412 is divided by 52356.
3344
Calculate the remainder when 543361 is divided by 37.
16
What is the remainder when 4063491 is divided by 9428?
23
What is the remainder when 923063 is divided by 185?
98
Calculate the remainder when 732640 is divided by 97.
96
Calculate the remainder when 48165 is divided by 46412.
1753
What is the remainder when 215259 is divided by 71470?
849
What is the remainder when 135523 is divided by 1120?
3
What is the remainder when 157164648 is divided by 50?
48
Calculate the remainder when 3910 is divided by 1318.
1274
What is the remainder when 40782370 is divided by 6067?
6063
What is the remainder when 10508169 is divided by 238?
231
Calculate the remainder when 112238 is divided by 56004.
230
Calculate the remainder when 4551627 is divided by 1517209.
0
What is the remainder when 13020564 is divided by 1409?
1404
What is the remainder when 485645 is divided by 846?
41
Calculate the remainder when 190867744 is divided by 94.
86
Calculate the remainder when 13482230 is divided by 11543.
6
What is the remainder when 4094399 is divided by 51178?
159
What is the remainder when 6571 is divided by 332?
263
What is the remainder when 29844010 is divided by 6539?
14
What is the remainder when 78651 is divided by 3931?
31
What is the remainder when 84528870 is divided by 152?
150
What is the remainder when 1770277 is divided by 884793?
691
What is the remainder when 33179828 is divided by 2547?
59
What is the remainder when 1216860 is divided by 876?
96
What is the remainder when 48474 is divided by 281?
142
Calculate the remainder when 37265706 is divided by 1971.
9
Calculate the remainder when 220046 is divided by 116.
110
What is the remainder when 189738772 is divided by 103?
0
Calculate the remainder when 8650 is divided by 173.
0
Calculate the remainder when 18178075 is divided by 36.
19
Calculate the remainder when 4481958 is divided by 932.
902
Calculate the remainder when 11294487 is divided by 15.
12
Calculate the remainder when 476447 is divided by 237964.
519
What is the remainder when 4515611 is divided by 347354?
9
Calculate the remainder when 19060522 is divided by 25.
22
Calculate the remainder when 1164117 is divided by 26457.
9
Calculate the remainder when 1159630 is divided by 1741.
124
Calculate the remainder when 812451 is divided by 270806.
33
Calculate the remainder when 8589737 is divided by 2147430.
17
What is the remainder when 83361 is divided by 2383?
2339
What is the remainder when 24755756 is divided by 44?
36
Calculate the remainder when 78541866 is divided by 11535.
51
Calculate the remainder when 33580161 is divided by 739.
1
Calculate the remainder when 16444 is divided by 2844.
2224
Calculate the remainder when 544716 is divided by 6894.
90
What is the remainder when 262234 is divided by 294?
280
What is the remainder when 30712593 is divided by 201?
195
What is the remainder when 23407043 is divided by 43?
36
Calculate the remainder when 6978938 is divided by 141.
2
Calculate the remainder when 1196512 is divided by 99.
97
What is the remainder when 6594900 is divided by 2764?
2760
Calculate the remainder when 1005866 is divided by 989.
53
What is the remainder when 33378 is divided by 10457?
2007
What is the remainder when 40761666 is divided by 522585?
36
Calculate the remainder when 3756905 is divided by 43.
38
Calculate the remainder when 22842091 is divided by 1887.
1843
What is the remainder when 377246 is divided by 7858?
62
What is the remainder when 692542 is divided by 171950?
4742
Calculate the remainder when 28762 is divided by 6205.
3942
Calculate the remainder when 90323 is divided by 871.
610
Calculate the remainder when 687013 is divided by 171225.
2113
What is the remainder when 1493700 is divided by 298467?
1365
What is the remainder when 2172773 is divided by 277?
262
Calculate the remainder when 15312662 is divided by 3828164.
6
Calculate the remainder when 275573867 is divided by 50416.
11
Calculate the remainder when 52152 is divided by 1628.
56
What is the remainder when 212563 is divided by 328?
19
Calculate the remainder when 150393869 is divided by 92.
89
Calculate the remainder when 283875806 is divided by 2641.
2639
What is the remainder when 39092556 is divided by 133?
132
What is the remainder when 417204 is divided by 424?
412
Calculate the remainder when 83346 is divided by 2715.
1896
Calculate the remainder when 393416 is divided by 47.
26
Calculate the remainder when 180955 is divided by 45.
10
Calculate the remainder when 7329219 is divided by 2443064.
27
What is the remainder when 31314371 is divided by 625?
621
What is the remainder when 2810136 is divided by 49?
35
What is the remainder when 132288 is divided by 670?
298
What is the remainder when 85900 is divided by 9603?
9076
Calculate the remainder when 60928 is divided by 15.
13
Calculate the remainder when 18452208 is divided by 7852.
8
What is the remainder when 2637565 is divided by 2202?
1771
Calculate the remainder when 21923127 is divided by 10961557.
13
Calculate the remainder when 1614185 is divided by 537867.
584
What is the remainder when 142152965 is divided by 1849?
1845
Calculate the remainder when 792349 is divided by 408.
13
What is the remainder when 6324236 is divided by 239?
57
What is the remainder when 378905 is divided by 94691?
141
Calculate the remainder when 152067 is divided by 1664.
643
What is the remainder when 89019 is divided by 5?
4
What is the remainder when 1625321 is divided by 45147?
29
What is the remainder when 271429039 is divided by 12?
7
Calculate the remainder when 855272 is divided by 414.
362
Calculate the remainder when 6463466 is divided by 4473.
4454
What is the remainder when 48288297 is divided by 1179?
1173
What is the remainder when 1782080 is divided by 718?
4
What is the remainder when 39616896 is divided by 95?
91
Calculate the remainder when 37119968 is divided by 3.
2
Calculate the remainder when 150705 is divided by 37622.
217
What is the remainder when 3678473 is divided by 245231?
8
Calculate the remainder when 2041664 is divided by 1133.
1131
Calculate the remainder when 9903 is divided by 28.
19
What is the remainder when 31046 is divided by 2214?
50
Calculate the remainder when 341170433 is divided by 1166.
1165
What is the remainder when 4508801 is divided by 1654?
1651
What is the remainder when 565196 is divided by 2031?
578
Calculate the remainder when 26967607 is divided by 3852515.
2
Calculate the remainder when 7579301 is divided by 2526378.
167
What is the remainder when 37322845 is divided by 7398?
7333
What is the remainder when 4672060 is divided by 286?
250
What is the remainder when 80469 is divided by 78077?
2392
What is the remainder when 493930 is divided by 123034?
1794
Calculate the rem